{"id":28,"date":"2021-03-05T16:45:33","date_gmt":"2021-03-05T15:45:33","guid":{"rendered":"http:\/\/www.madeforcomm.fr\/?page_id=28"},"modified":"2025-07-04T11:27:01","modified_gmt":"2025-07-04T09:27:01","slug":"personal-branding","status":"publish","type":"page","link":"https:\/\/www.madeforcomm.fr\/index.php\/personal-branding\/","title":{"rendered":"Personal Branding"},"content":{"rendered":"<p style=\"text-align: center;\"><span style=\"color: #41abad;\"><b style=\"color: #2f7c76;\">DU PERSONAL BRANDING<\/b><\/span><span style=\"background-color: rgba(255, 255, 255, 0); color: var(--body_typography-color); font-family: var(--body_typography-font-family); font-size: var(--body_typography-font-size); font-style: var(--body_typography-font-style,normal); font-weight: var(--body_typography-font-weight); letter-spacing: var(--body_typography-letter-spacing);\"><br \/><\/span><\/p>\n<p><span style=\"background-color: rgba(255, 255, 255, 0); color: #000000; font-family: var(--body_typography-font-family); font-size: var(--body_typography-font-size); font-style: var(--body_typography-font-style,normal); letter-spacing: var(--body_typography-letter-spacing);\">Parce que votre image de marque, c&rsquo;est vous ! La \u201cmarque personnelle\u201d demande un vrai travail en plus, pour mettre en avant ses comp\u00e9tences, mieux promouvoir ses valeurs et \u00e9largir ses zones d&rsquo;influence. L\u00e0 encore, la communication de la \u201cmarque\u201d joue un r\u00f4le essentiel dans son d\u00e9veloppement. Il faut mettre en avant sa personnalit\u00e9, ses actions, son talent. <\/span><\/p>\n<p><span style=\"background-color: rgba(255, 255, 255, 0); color: #000000; font-family: var(--body_typography-font-family); font-size: var(--body_typography-font-size); font-style: var(--body_typography-font-style,normal); letter-spacing: var(--body_typography-letter-spacing);\">Une r\u00e8gle d&rsquo;or ? Rester authentique ! Oui, mais&#8230;\u00a0<\/span><br \/><span style=\"background-color: rgba(255, 255, 255, 0); color: #000000; font-family: var(--body_typography-font-family); font-size: var(--body_typography-font-size); font-style: var(--body_typography-font-style,normal); letter-spacing: var(--body_typography-letter-spacing);\">Faire simple est souvent le plus compliqu\u00e9.<\/span><br \/><span style=\"background-color: rgba(255, 255, 255, 0); color: #000000; font-family: var(--body_typography-font-family); font-size: var(--body_typography-font-size); font-style: var(--body_typography-font-style,normal); letter-spacing: var(--body_typography-letter-spacing);\">Parce que le dire oui, mais le dire comment ?<\/span><br \/><span style=\"background-color: rgba(255, 255, 255, 0); color: #000000; font-family: var(--body_typography-font-family); font-size: var(--body_typography-font-size); font-style: var(--body_typography-font-style,normal); letter-spacing: var(--body_typography-letter-spacing);\">Co-construisons ensemble votre singularit\u00e9 pour mieux la faire rayonner.<\/span><\/p>\n<p style=\"color: #2f7f77;\"><b style=\"color: #000000;\">Vous avez \u00e0 c\u0153ur d&rsquo;optimiser votre communication personnelle, vos prises de parole et votre positionnement ?<\/b><\/p>\n<p style=\"color: #2f7f77;\"><b style=\"color: #000000;\">Nous avons une recette particuli\u00e8re pour chaque particulier.<\/b><\/p>\n\n\n<blockquote class=\"wp-block-quote is-layout-flow wp-block-quote-is-layout-flow\">\n<p><strong>LE SUR-MESURE, CE N&rsquo;EST PAS QUE POUR LE DRESSING<\/strong><\/p>\n<\/blockquote>\n\n\n\n<figure class=\"wp-block-image size-large\"><img decoding=\"async\" width=\"1024\" height=\"683\" src=\"https:\/\/www.madeforcomm.fr\/wp-content\/uploads\/2021\/01\/Tof-5-personal-branding-1024x683.jpg\" alt=\"\" class=\"wp-image-18\" srcset=\"https:\/\/www.madeforcomm.fr\/wp-content\/uploads\/2021\/01\/Tof-5-personal-branding-300x200.jpg 300w, https:\/\/www.madeforcomm.fr\/wp-content\/uploads\/2021\/01\/Tof-5-personal-branding-768x512.jpg 768w, https:\/\/www.madeforcomm.fr\/wp-content\/uploads\/2021\/01\/Tof-5-personal-branding-1024x683.jpg 1024w, https:\/\/www.madeforcomm.fr\/wp-content\/uploads\/2021\/01\/Tof-5-personal-branding-1200x800.jpg 1200w, https:\/\/www.madeforcomm.fr\/wp-content\/uploads\/2021\/01\/Tof-5-personal-branding-1536x1024.jpg 1536w, https:\/\/www.madeforcomm.fr\/wp-content\/uploads\/2021\/01\/Tof-5-personal-branding.jpg 1920w\" sizes=\"(max-width: 1024px) 100vw, 1024px\" \/><\/figure>\n","protected":false},"excerpt":{"rendered":"<p>DU PERSONAL BRANDING Parce que votre image de marque, c&rsquo;est vous ! La \u201cmarque personnelle\u201d demande un vrai travail en plus, pour mettre en avant ses comp\u00e9tences, mieux promouvoir ses valeurs et \u00e9largir ses zones  [&#8230;]<\/p>\n","protected":false},"author":1,"featured_media":0,"parent":0,"menu_order":0,"comment_status":"closed","ping_status":"closed","template":"","meta":{"footnotes":""},"class_list":["post-28","page","type-page","status-publish","hentry"],"_links":{"self":[{"href":"https:\/\/www.madeforcomm.fr\/index.php\/wp-json\/wp\/v2\/pages\/28","targetHints":{"allow":["GET"]}}],"collection":[{"href":"https:\/\/www.madeforcomm.fr\/index.php\/wp-json\/wp\/v2\/pages"}],"about":[{"href":"https:\/\/www.madeforcomm.fr\/index.php\/wp-json\/wp\/v2\/types\/page"}],"author":[{"embeddable":true,"href":"https:\/\/www.madeforcomm.fr\/index.php\/wp-json\/wp\/v2\/users\/1"}],"replies":[{"embeddable":true,"href":"https:\/\/www.madeforcomm.fr\/index.php\/wp-json\/wp\/v2\/comments?post=28"}],"version-history":[{"count":45,"href":"https:\/\/www.madeforcomm.fr\/index.php\/wp-json\/wp\/v2\/pages\/28\/revisions"}],"predecessor-version":[{"id":1727,"href":"https:\/\/www.madeforcomm.fr\/index.php\/wp-json\/wp\/v2\/pages\/28\/revisions\/1727"}],"wp:attachment":[{"href":"https:\/\/www.madeforcomm.fr\/index.php\/wp-json\/wp\/v2\/media?parent=28"}],"curies":[{"name":"wp","href":"https:\/\/api.w.org\/{rel}","templated":true}]}}

<p style="text-align: center;"><span style="color: #41abad;"><b style="color: #2f7c76;">DU PERSONAL BRANDING</b></span><span style="background-color: rgba(255, 255, 255, 0); color: var(--body_typography-color); font-family: var(--body_typography-font-family); font-size: var(--body_typography-font-size); font-style: var(--body_typography-font-style,normal); font-weight: var(--body_typography-font-weight); letter-spacing: var(--body_typography-letter-spacing);"><br /></span></p>
<p><span style="background-color: rgba(255, 255, 255, 0); color: #000000; font-family: var(--body_typography-font-family); font-size: var(--body_typography-font-size); font-style: var(--body_typography-font-style,normal); letter-spacing: var(--body_typography-letter-spacing);">Parce que votre image de marque, c&rsquo;est vous ! La “marque personnelle” demande un vrai travail en plus, pour mettre en avant ses compétences, mieux promouvoir ses valeurs et élargir ses zones d&rsquo;influence. Là encore, la communication de la “marque” joue un rôle essentiel dans son développement. Il faut mettre en avant sa personnalité, ses actions, son talent. </span></p>
<p><span style="background-color: rgba(255, 255, 255, 0); color: #000000; font-family: var(--body_typography-font-family); font-size: var(--body_typography-font-size); font-style: var(--body_typography-font-style,normal); letter-spacing: var(--body_typography-letter-spacing);">Une règle d&rsquo;or ? Rester authentique ! Oui, mais&#8230; </span><br /><span style="background-color: rgba(255, 255, 255, 0); color: #000000; font-family: var(--body_typography-font-family); font-size: var(--body_typography-font-size); font-style: var(--body_typography-font-style,normal); letter-spacing: var(--body_typography-letter-spacing);">Faire simple est souvent le plus compliqué.</span><br /><span style="background-color: rgba(255, 255, 255, 0); color: #000000; font-family: var(--body_typography-font-family); font-size: var(--body_typography-font-size); font-style: var(--body_typography-font-style,normal); letter-spacing: var(--body_typography-letter-spacing);">Parce que le dire oui, mais le dire comment ?</span><br /><span style="background-color: rgba(255, 255, 255, 0); color: #000000; font-family: var(--body_typography-font-family); font-size: var(--body_typography-font-size); font-style: var(--body_typography-font-style,normal); letter-spacing: var(--body_typography-letter-spacing);">Co-construisons ensemble votre singularité pour mieux la faire rayonner.</span></p>
<p style="color: #2f7f77;"><b style="color: #000000;">Vous avez à cœur d&rsquo;optimiser votre communication personnelle, vos prises de parole et votre positionnement ?</b></p>
<p style="color: #2f7f77;"><b style="color: #000000;">Nous avons une recette particulière pour chaque particulier.</b></p>


<blockquote class="wp-block-quote is-layout-flow wp-block-quote-is-layout-flow">
<p><strong>LE SUR-MESURE, CE N&rsquo;EST PAS QUE POUR LE DRESSING</strong></p>
</blockquote>



<figure class="wp-block-image size-large"><img decoding="async" width="1024" height="683" src="https://www.madeforcomm.fr/wp-content/uploads/2021/01/Tof-5-personal-branding-1024x683.jpg" alt="" class="wp-image-18" srcset="https://www.madeforcomm.fr/wp-content/uploads/2021/01/Tof-5-personal-branding-300x200.jpg 300w, https://www.madeforcomm.fr/wp-content/uploads/2021/01/Tof-5-personal-branding-768x512.jpg 768w, https://www.madeforcomm.fr/wp-content/uploads/2021/01/Tof-5-personal-branding-1024x683.jpg 1024w, https://www.madeforcomm.fr/wp-content/uploads/2021/01/Tof-5-personal-branding-1200x800.jpg 1200w, https://www.madeforcomm.fr/wp-content/uploads/2021/01/Tof-5-personal-branding-1536x1024.jpg 1536w, https://www.madeforcomm.fr/wp-content/uploads/2021/01/Tof-5-personal-branding.jpg 1920w" sizes="(max-width: 1024px) 100vw, 1024px" /></figure>

<p>DU PERSONAL BRANDING Parce que votre image de marque, c&rsquo;est vous ! La “marque personnelle” demande un vrai travail en plus, pour mettre en avant ses compétences, mieux promouvoir ses valeurs et élargir ses zones  [&#8230;]</p>
