{"id":26,"date":"2021-03-12T17:56:33","date_gmt":"2021-03-12T16:56:33","guid":{"rendered":"http:\/\/www.madeforcomm.fr\/?page_id=26"},"modified":"2025-07-04T11:37:03","modified_gmt":"2025-07-04T09:37:03","slug":"social-media-management","status":"publish","type":"page","link":"https:\/\/www.madeforcomm.fr\/index.php\/social-media-management\/","title":{"rendered":"Social M\u00e9dia Management"},"content":{"rendered":"<p>\u00a0<\/p>\n<p style=\"text-align: center;\"><span style=\"color: #348985;\"><span style=\"vertical-align: inherit;\"><span style=\"vertical-align: inherit;\"><span style=\"color: #348985;\"><i><span style=\"color: #2f7c76;\"><b style=\"font-size: 20px;\" data-fusion-font=\"true\">DU SOCIAL MEDIA MANAGEMENT<\/b><\/span><\/i><\/span><\/span><\/span><\/span><\/p>\n<p><span style=\"background-color: rgba(255, 255, 255, 0); color: #000000; font-family: var(--body_typography-font-family); font-size: var(--body_typography-font-size); font-style: var(--body_typography-font-style,normal); font-weight: var(--body_typography-font-weight); letter-spacing: var(--body_typography-letter-spacing);\">Parce qu&rsquo;on ne peut pas se passer des r\u00e9seaux sociaux pour d\u00e9fendre les valeurs de sa marque.<\/span><br \/><span style=\"color: #000000;\"><br \/><\/span><span style=\"color: #000000; font-family: var(--body_typography-font-family); font-size: var(--body_typography-font-size); font-style: var(--body_typography-font-style,normal); font-weight: var(--body_typography-font-weight); letter-spacing: var(--body_typography-letter-spacing); background-color: rgba(255, 255, 255, 0); vertical-align: inherit;\">Parce qu&rsquo;une strat<span style=\"color: #000000;\">\u00e9gie minutieuse e<\/span>t bien calibr\u00e9e est aujourd&rsquo;hui indispensable pour d\u00e9velopper sa notori\u00e9t\u00e9. Parce que vous souhaitez augmenter votre audience sur vos diff\u00e9rents canaux de diffusion. <\/span><\/p>\n<p><span style=\"background-color: rgba(255, 255, 255, 0); color: #000000; font-family: var(--body_typography-font-family); font-size: var(--body_typography-font-size); font-style: var(--body_typography-font-style,normal); font-weight: var(--body_typography-font-weight); letter-spacing: var(--body_typography-letter-spacing);\">Marketing de contenu, cibles identifi\u00e9es et storytelling cibl\u00e9&#8230; ensemble, cassons les codes et<\/span><span style=\"font-family: var(--body_typography-font-family); font-size: var(--body_typography-font-size); font-style: var(--body_typography-font-style,normal); font-weight: var(--body_typography-font-weight); letter-spacing: var(--body_typography-letter-spacing); background-color: rgba(255, 255, 255, 0); color: #000000;\"> pla\u00e7ons les attentes de vos clients au centre du jeu. <\/span><span style=\"font-family: var(--body_typography-font-family); font-size: var(--body_typography-font-size); font-style: var(--body_typography-font-style,normal); font-weight: var(--body_typography-font-weight); letter-spacing: var(--body_typography-letter-spacing); background-color: rgba(255, 255, 255, 0); color: #000000;\">Il y a tant de nouvelles cartes \u00e0 explorer <\/span><span style=\"font-family: var(--body_typography-font-family); font-size: var(--body_typography-font-size); font-style: var(--body_typography-font-style,normal); font-weight: var(--body_typography-font-weight); letter-spacing: var(--body_typography-letter-spacing); background-color: rgba(255, 255, 255, 0); color: #000000;\">ensemble. B\u00e2tissons ensemble votre territoire de marque dans une v\u00e9ritable strat\u00e9gie omnicanale. Votre propre univers m\u00e9diatique.\u00a0<\/span><\/p>\n<div>\n<div>\n<div>\n<p style=\"text-align: left;\"><em style=\"color: var(--body_typography-color); font-family: var(--body_typography-font-family); font-size: var(--body_typography-font-size); font-weight: var(--body_typography-font-weight); letter-spacing: var(--body_typography-letter-spacing); background-color: rgba(255, 255, 255, 0);\"><strong style=\"color: #348985;\"><span style=\"vertical-align: inherit;\"><span style=\"vertical-align: inherit; color: #000000;\">Vous voulez vous diff\u00e9rencier sur les r\u00e9seaux sociaux ?\u00a0<\/span><\/span><\/strong><\/em><\/p>\n<p style=\"text-align: left;\"><em style=\"color: var(--body_typography-color); font-family: var(--body_typography-font-family); font-size: var(--body_typography-font-size); font-weight: var(--body_typography-font-weight); letter-spacing: var(--body_typography-letter-spacing); background-color: rgba(255, 255, 255, 0);\"><strong style=\"color: #348985;\"><span style=\"vertical-align: inherit;\"><span style=\"vertical-align: inherit;\"><span style=\"color: #000000;\">Nous avons des m\u00e9thodes \u00e9prouv\u00e9es pour animer et d\u00e9velopper votre communaut\u00e9.<\/span><\/span><\/span><\/strong><\/em><\/p>\n<blockquote>\n<p style=\"text-align: left;\"><em style=\"color: var(--body_typography-color); font-family: var(--body_typography-font-family); font-size: var(--body_typography-font-size); font-weight: var(--body_typography-font-weight); letter-spacing: var(--body_typography-letter-spacing); background-color: rgba(255, 255, 255, 0);\"><strong style=\"color: #348985;\"><span style=\"font-size: 20px;\" data-fusion-font=\"true\"><span style=\"vertical-align: inherit;\"><span style=\"vertical-align: inherit;\"><span style=\"color: #348985;\"><span style=\"color: #2f7c76;\">LE CHOIX DES MOTS, LE POIDS DES R\u00c9SEAUX SOCIAUX<\/span><\/span> <\/span><\/span><\/span><\/strong><\/em><\/p>\n<\/blockquote>\n<\/div>\n<\/div>\n<\/div>\n\n\n<figure class=\"wp-block-image size-large\"><img decoding=\"async\" width=\"1024\" height=\"1024\" src=\"https:\/\/www.madeforcomm.fr\/wp-content\/uploads\/2025\/07\/Copie-de-POP-30-04-1024x1024.jpg\" alt=\"\" class=\"wp-image-1728\" srcset=\"https:\/\/www.madeforcomm.fr\/wp-content\/uploads\/2025\/07\/Copie-de-POP-30-04-66x66.jpg 66w, https:\/\/www.madeforcomm.fr\/wp-content\/uploads\/2025\/07\/Copie-de-POP-30-04-150x150.jpg 150w, https:\/\/www.madeforcomm.fr\/wp-content\/uploads\/2025\/07\/Copie-de-POP-30-04-200x200.jpg 200w, https:\/\/www.madeforcomm.fr\/wp-content\/uploads\/2025\/07\/Copie-de-POP-30-04-300x300.jpg 300w, https:\/\/www.madeforcomm.fr\/wp-content\/uploads\/2025\/07\/Copie-de-POP-30-04-400x400.jpg 400w, https:\/\/www.madeforcomm.fr\/wp-content\/uploads\/2025\/07\/Copie-de-POP-30-04-600x600.jpg 600w, https:\/\/www.madeforcomm.fr\/wp-content\/uploads\/2025\/07\/Copie-de-POP-30-04-768x768.jpg 768w, https:\/\/www.madeforcomm.fr\/wp-content\/uploads\/2025\/07\/Copie-de-POP-30-04-800x800.jpg 800w, https:\/\/www.madeforcomm.fr\/wp-content\/uploads\/2025\/07\/Copie-de-POP-30-04-1024x1024.jpg 1024w, https:\/\/www.madeforcomm.fr\/wp-content\/uploads\/2025\/07\/Copie-de-POP-30-04.jpg 1080w\" sizes=\"(max-width: 1024px) 100vw, 1024px\" \/><\/figure>\n","protected":false},"excerpt":{"rendered":"<p>\u00a0 DU SOCIAL MEDIA MANAGEMENT Parce qu&rsquo;on ne peut pas se passer des r\u00e9seaux sociaux pour d\u00e9fendre les valeurs de sa marque.Parce qu&rsquo;une strat\u00e9gie minutieuse et bien calibr\u00e9e est aujourd&rsquo;hui indispensable pour d\u00e9velopper sa notori\u00e9t\u00e9.  [&#8230;]<\/p>\n","protected":false},"author":1,"featured_media":0,"parent":0,"menu_order":0,"comment_status":"closed","ping_status":"closed","template":"","meta":{"footnotes":""},"class_list":["post-26","page","type-page","status-publish","hentry"],"_links":{"self":[{"href":"https:\/\/www.madeforcomm.fr\/index.php\/wp-json\/wp\/v2\/pages\/26","targetHints":{"allow":["GET"]}}],"collection":[{"href":"https:\/\/www.madeforcomm.fr\/index.php\/wp-json\/wp\/v2\/pages"}],"about":[{"href":"https:\/\/www.madeforcomm.fr\/index.php\/wp-json\/wp\/v2\/types\/page"}],"author":[{"embeddable":true,"href":"https:\/\/www.madeforcomm.fr\/index.php\/wp-json\/wp\/v2\/users\/1"}],"replies":[{"embeddable":true,"href":"https:\/\/www.madeforcomm.fr\/index.php\/wp-json\/wp\/v2\/comments?post=26"}],"version-history":[{"count":24,"href":"https:\/\/www.madeforcomm.fr\/index.php\/wp-json\/wp\/v2\/pages\/26\/revisions"}],"predecessor-version":[{"id":1729,"href":"https:\/\/www.madeforcomm.fr\/index.php\/wp-json\/wp\/v2\/pages\/26\/revisions\/1729"}],"wp:attachment":[{"href":"https:\/\/www.madeforcomm.fr\/index.php\/wp-json\/wp\/v2\/media?parent=26"}],"curies":[{"name":"wp","href":"https:\/\/api.w.org\/{rel}","templated":true}]}}

Social Média Management

<p> </p>
<p style="text-align: center;"><span style="color: #348985;"><span style="vertical-align: inherit;"><span style="vertical-align: inherit;"><span style="color: #348985;"><i><span style="color: #2f7c76;"><b style="font-size: 20px;" data-fusion-font="true">DU SOCIAL MEDIA MANAGEMENT</b></span></i></span></span></span></span></p>
<p><span style="background-color: rgba(255, 255, 255, 0); color: #000000; font-family: var(--body_typography-font-family); font-size: var(--body_typography-font-size); font-style: var(--body_typography-font-style,normal); font-weight: var(--body_typography-font-weight); letter-spacing: var(--body_typography-letter-spacing);">Parce qu&rsquo;on ne peut pas se passer des réseaux sociaux pour défendre les valeurs de sa marque.</span><br /><span style="color: #000000;"><br /></span><span style="color: #000000; font-family: var(--body_typography-font-family); font-size: var(--body_typography-font-size); font-style: var(--body_typography-font-style,normal); font-weight: var(--body_typography-font-weight); letter-spacing: var(--body_typography-letter-spacing); background-color: rgba(255, 255, 255, 0); vertical-align: inherit;">Parce qu&rsquo;une strat<span style="color: #000000;">égie minutieuse e</span>t bien calibrée est aujourd&rsquo;hui indispensable pour développer sa notoriété. Parce que vous souhaitez augmenter votre audience sur vos différents canaux de diffusion. </span></p>
<p><span style="background-color: rgba(255, 255, 255, 0); color: #000000; font-family: var(--body_typography-font-family); font-size: var(--body_typography-font-size); font-style: var(--body_typography-font-style,normal); font-weight: var(--body_typography-font-weight); letter-spacing: var(--body_typography-letter-spacing);">Marketing de contenu, cibles identifiées et storytelling ciblé&#8230; ensemble, cassons les codes et</span><span style="font-family: var(--body_typography-font-family); font-size: var(--body_typography-font-size); font-style: var(--body_typography-font-style,normal); font-weight: var(--body_typography-font-weight); letter-spacing: var(--body_typography-letter-spacing); background-color: rgba(255, 255, 255, 0); color: #000000;"> plaçons les attentes de vos clients au centre du jeu. </span><span style="font-family: var(--body_typography-font-family); font-size: var(--body_typography-font-size); font-style: var(--body_typography-font-style,normal); font-weight: var(--body_typography-font-weight); letter-spacing: var(--body_typography-letter-spacing); background-color: rgba(255, 255, 255, 0); color: #000000;">Il y a tant de nouvelles cartes à explorer </span><span style="font-family: var(--body_typography-font-family); font-size: var(--body_typography-font-size); font-style: var(--body_typography-font-style,normal); font-weight: var(--body_typography-font-weight); letter-spacing: var(--body_typography-letter-spacing); background-color: rgba(255, 255, 255, 0); color: #000000;">ensemble. Bâtissons ensemble votre territoire de marque dans une véritable stratégie omnicanale. Votre propre univers médiatique. </span></p>
<div>
<div>
<div>
<p style="text-align: left;"><em style="color: var(--body_typography-color); font-family: var(--body_typography-font-family); font-size: var(--body_typography-font-size); font-weight: var(--body_typography-font-weight); letter-spacing: var(--body_typography-letter-spacing); background-color: rgba(255, 255, 255, 0);"><strong style="color: #348985;"><span style="vertical-align: inherit;"><span style="vertical-align: inherit; color: #000000;">Vous voulez vous différencier sur les réseaux sociaux ? </span></span></strong></em></p>
<p style="text-align: left;"><em style="color: var(--body_typography-color); font-family: var(--body_typography-font-family); font-size: var(--body_typography-font-size); font-weight: var(--body_typography-font-weight); letter-spacing: var(--body_typography-letter-spacing); background-color: rgba(255, 255, 255, 0);"><strong style="color: #348985;"><span style="vertical-align: inherit;"><span style="vertical-align: inherit;"><span style="color: #000000;">Nous avons des méthodes éprouvées pour animer et développer votre communauté.</span></span></span></strong></em></p>
<blockquote>
<p style="text-align: left;"><em style="color: var(--body_typography-color); font-family: var(--body_typography-font-family); font-size: var(--body_typography-font-size); font-weight: var(--body_typography-font-weight); letter-spacing: var(--body_typography-letter-spacing); background-color: rgba(255, 255, 255, 0);"><strong style="color: #348985;"><span style="font-size: 20px;" data-fusion-font="true"><span style="vertical-align: inherit;"><span style="vertical-align: inherit;"><span style="color: #348985;"><span style="color: #2f7c76;">LE CHOIX DES MOTS, LE POIDS DES RÉSEAUX SOCIAUX</span></span> </span></span></span></strong></em></p>
</blockquote>
</div>
</div>
</div>


<figure class="wp-block-image size-large"><img decoding="async" width="1024" height="1024" src="https://www.madeforcomm.fr/wp-content/uploads/2025/07/Copie-de-POP-30-04-1024x1024.jpg" alt="" class="wp-image-1728" srcset="https://www.madeforcomm.fr/wp-content/uploads/2025/07/Copie-de-POP-30-04-66x66.jpg 66w, https://www.madeforcomm.fr/wp-content/uploads/2025/07/Copie-de-POP-30-04-150x150.jpg 150w, https://www.madeforcomm.fr/wp-content/uploads/2025/07/Copie-de-POP-30-04-200x200.jpg 200w, https://www.madeforcomm.fr/wp-content/uploads/2025/07/Copie-de-POP-30-04-300x300.jpg 300w, https://www.madeforcomm.fr/wp-content/uploads/2025/07/Copie-de-POP-30-04-400x400.jpg 400w, https://www.madeforcomm.fr/wp-content/uploads/2025/07/Copie-de-POP-30-04-600x600.jpg 600w, https://www.madeforcomm.fr/wp-content/uploads/2025/07/Copie-de-POP-30-04-768x768.jpg 768w, https://www.madeforcomm.fr/wp-content/uploads/2025/07/Copie-de-POP-30-04-800x800.jpg 800w, https://www.madeforcomm.fr/wp-content/uploads/2025/07/Copie-de-POP-30-04-1024x1024.jpg 1024w, https://www.madeforcomm.fr/wp-content/uploads/2025/07/Copie-de-POP-30-04.jpg 1080w" sizes="(max-width: 1024px) 100vw, 1024px" /></figure>

<p>  DU SOCIAL MEDIA MANAGEMENT Parce qu&rsquo;on ne peut pas se passer des réseaux sociaux pour défendre les valeurs de sa marque.Parce qu&rsquo;une stratégie minutieuse et bien calibrée est aujourd&rsquo;hui indispensable pour développer sa notoriété.  [&#8230;]</p>
