{"id":1088,"date":"2016-07-14T02:28:37","date_gmt":"2016-07-14T02:28:37","guid":{"rendered":"http:\/\/www.madeforcomm.fr\/?page_id=12"},"modified":"2025-07-04T11:46:34","modified_gmt":"2025-07-04T09:46:34","slug":"agence","status":"publish","type":"page","link":"https:\/\/www.madeforcomm.fr\/index.php\/agence\/","title":{"rendered":"L&rsquo;agence"},"content":{"rendered":"<p><img decoding=\"async\" class=\"alignnone size-medium wp-image-1619\" src=\"https:\/\/www.madeforcomm.fr\/wp-content\/uploads\/2021\/07\/DIplome-agence-300x240.png\" alt=\"\" width=\"300\" height=\"240\" srcset=\"https:\/\/www.madeforcomm.fr\/wp-content\/uploads\/2021\/07\/DIplome-agence-177x142.png 177w, https:\/\/www.madeforcomm.fr\/wp-content\/uploads\/2021\/07\/DIplome-agence-200x160.png 200w, https:\/\/www.madeforcomm.fr\/wp-content\/uploads\/2021\/07\/DIplome-agence-300x240.png 300w, https:\/\/www.madeforcomm.fr\/wp-content\/uploads\/2021\/07\/DIplome-agence-400x320.png 400w, https:\/\/www.madeforcomm.fr\/wp-content\/uploads\/2021\/07\/DIplome-agence-600x480.png 600w, https:\/\/www.madeforcomm.fr\/wp-content\/uploads\/2021\/07\/DIplome-agence-768x614.png 768w, https:\/\/www.madeforcomm.fr\/wp-content\/uploads\/2021\/07\/DIplome-agence-800x640.png 800w, https:\/\/www.madeforcomm.fr\/wp-content\/uploads\/2021\/07\/DIplome-agence-1024x819.png 1024w, https:\/\/www.madeforcomm.fr\/wp-content\/uploads\/2021\/07\/DIplome-agence-1200x960.png 1200w, https:\/\/www.madeforcomm.fr\/wp-content\/uploads\/2021\/07\/DIplome-agence-1536x1229.png 1536w\" sizes=\"(max-width: 300px) 100vw, 300px\" \/><\/p>\n<p><span style=\"background-color: rgba(255, 255, 255, 0); color: #000000; font-family: var(--body_typography-font-family); font-size: var(--body_typography-font-size); font-style: var(--body_typography-font-style,normal); font-weight: var(--body_typography-font-weight); letter-spacing: var(--body_typography-letter-spacing);\">Mathieu Delattre, fondateur de l&rsquo;agence, <\/span><span style=\"color: #000000; font-family: var(--body_typography-font-family); font-size: var(--body_typography-font-size); font-style: var(--body_typography-font-style,normal); font-weight: var(--body_typography-font-weight); letter-spacing: var(--body_typography-letter-spacing); background-color: rgba(255, 255, 255, 0);\">a longtemps mis ses pas dans les pas de l&rsquo;\u00e9quipe de France de football. Apr\u00e8s plus de vingt ans dans la presse sp\u00e9cialis\u00e9e et quelques voyages au bout du monde, il met aujourd&rsquo;hui son exp\u00e9rience et son <\/span><span style=\"background-color: rgba(255, 255, 255, 0); color: #000000; font-family: var(--body_typography-font-family); font-size: var(--body_typography-font-size); font-style: var(--body_typography-font-style,normal); font-weight: var(--body_typography-font-weight); letter-spacing: var(--body_typography-letter-spacing);\">expertise de la communication au service du plus grand nombre. <\/span><span style=\"background-color: rgba(255, 255, 255, 0); font-family: var(--body_typography-font-family); font-size: var(--body_typography-font-size); font-style: var(--body_typography-font-style,normal); font-weight: var(--body_typography-font-weight); letter-spacing: var(--body_typography-letter-spacing); color: #000000;\">Son background cumule le reportage (6 Coupes du monde, 5 Championnats d&rsquo;Europe et 5 continents, puisqu&rsquo;\u00e0 une \u00e9poque o\u00f9 ils \u00e9taient des ambassadeurs, les Bleus ont jou\u00e9 un match amical sur un terrain de cricket \u00e0 Melbourne), la coordination de plusieurs r\u00e9dactions ainsi que la gestion de la communication de plusieurs entra\u00eeneurs professionnels et footballeurs de haut niveau (tous internationaux).<\/span><\/p>\n<p style=\"color: #000000;\">Certifi\u00e9 Brand Content Manager 2021 par le CFPJ Paris, il saura vous conseiller dans le d\u00e9veloppement de votre communication globale et multicanale avec la passion qui le caract\u00e9rise, en attachant toujours autant d&rsquo;importance au mot juste (il est aussi l&rsquo;auteur de plusieurs publications), mais tellement plus encore !<\/p>\n<blockquote>\n<p style=\"text-align: left;\"><i style=\"background-color: rgba(255, 255, 255, 0); color: var(--body_typography-color); font-family: var(--body_typography-font-family); font-size: var(--body_typography-font-size); font-weight: var(--body_typography-font-weight); letter-spacing: var(--body_typography-letter-spacing);\"><span style=\"color: #34897c;\"><b style=\"color: #2f7c76; font-size: 20px;\" data-fusion-font=\"true\">\u00ab\u00a0Y&rsquo;a pas qu&rsquo;le foot dans la vie, mais y&rsquo;a une vie apr\u00e8s le foot !\u00a0\u00bb<\/b><\/span><\/i><\/p>\n<\/blockquote>\n<p>\u00a0<\/p>\n\n\n<figure class=\"wp-block-image size-large\"><img decoding=\"async\" width=\"1024\" height=\"768\" src=\"https:\/\/www.madeforcomm.fr\/wp-content\/uploads\/2025\/07\/IMG_0095-1024x768.jpg\" alt=\"\" class=\"wp-image-1733\" srcset=\"https:\/\/www.madeforcomm.fr\/wp-content\/uploads\/2025\/07\/IMG_0095-200x150.jpg 200w, https:\/\/www.madeforcomm.fr\/wp-content\/uploads\/2025\/07\/IMG_0095-300x225.jpg 300w, https:\/\/www.madeforcomm.fr\/wp-content\/uploads\/2025\/07\/IMG_0095-400x300.jpg 400w, https:\/\/www.madeforcomm.fr\/wp-content\/uploads\/2025\/07\/IMG_0095-600x450.jpg 600w, https:\/\/www.madeforcomm.fr\/wp-content\/uploads\/2025\/07\/IMG_0095-768x576.jpg 768w, https:\/\/www.madeforcomm.fr\/wp-content\/uploads\/2025\/07\/IMG_0095-800x600.jpg 800w, https:\/\/www.madeforcomm.fr\/wp-content\/uploads\/2025\/07\/IMG_0095-1024x768.jpg 1024w, https:\/\/www.madeforcomm.fr\/wp-content\/uploads\/2025\/07\/IMG_0095-1200x900.jpg 1200w, https:\/\/www.madeforcomm.fr\/wp-content\/uploads\/2025\/07\/IMG_0095-1536x1152.jpg 1536w, https:\/\/www.madeforcomm.fr\/wp-content\/uploads\/2025\/07\/IMG_0095.jpg 1632w\" sizes=\"(max-width: 1024px) 100vw, 1024px\" \/><\/figure>\n\n\n\n<p><\/p>\n","protected":false},"excerpt":{"rendered":"<p>Mathieu Delattre, fondateur de l&rsquo;agence, a longtemps mis ses pas dans les pas de l&rsquo;\u00e9quipe de France de football. Apr\u00e8s plus de vingt ans dans la presse sp\u00e9cialis\u00e9e et quelques voyages au bout du monde,  [&#8230;]<\/p>\n","protected":false},"author":1,"featured_media":0,"parent":0,"menu_order":0,"comment_status":"closed","ping_status":"closed","template":"100-width.php","meta":{"footnotes":""},"class_list":["post-1088","page","type-page","status-publish","hentry"],"_links":{"self":[{"href":"https:\/\/www.madeforcomm.fr\/index.php\/wp-json\/wp\/v2\/pages\/1088","targetHints":{"allow":["GET"]}}],"collection":[{"href":"https:\/\/www.madeforcomm.fr\/index.php\/wp-json\/wp\/v2\/pages"}],"about":[{"href":"https:\/\/www.madeforcomm.fr\/index.php\/wp-json\/wp\/v2\/types\/page"}],"author":[{"embeddable":true,"href":"https:\/\/www.madeforcomm.fr\/index.php\/wp-json\/wp\/v2\/users\/1"}],"replies":[{"embeddable":true,"href":"https:\/\/www.madeforcomm.fr\/index.php\/wp-json\/wp\/v2\/comments?post=1088"}],"version-history":[{"count":75,"href":"https:\/\/www.madeforcomm.fr\/index.php\/wp-json\/wp\/v2\/pages\/1088\/revisions"}],"predecessor-version":[{"id":1737,"href":"https:\/\/www.madeforcomm.fr\/index.php\/wp-json\/wp\/v2\/pages\/1088\/revisions\/1737"}],"wp:attachment":[{"href":"https:\/\/www.madeforcomm.fr\/index.php\/wp-json\/wp\/v2\/media?parent=1088"}],"curies":[{"name":"wp","href":"https:\/\/api.w.org\/{rel}","templated":true}]}}

<p><img decoding="async" class="alignnone size-medium wp-image-1619" src="https://www.madeforcomm.fr/wp-content/uploads/2021/07/DIplome-agence-300x240.png" alt="" width="300" height="240" srcset="https://www.madeforcomm.fr/wp-content/uploads/2021/07/DIplome-agence-177x142.png 177w, https://www.madeforcomm.fr/wp-content/uploads/2021/07/DIplome-agence-200x160.png 200w, https://www.madeforcomm.fr/wp-content/uploads/2021/07/DIplome-agence-300x240.png 300w, https://www.madeforcomm.fr/wp-content/uploads/2021/07/DIplome-agence-400x320.png 400w, https://www.madeforcomm.fr/wp-content/uploads/2021/07/DIplome-agence-600x480.png 600w, https://www.madeforcomm.fr/wp-content/uploads/2021/07/DIplome-agence-768x614.png 768w, https://www.madeforcomm.fr/wp-content/uploads/2021/07/DIplome-agence-800x640.png 800w, https://www.madeforcomm.fr/wp-content/uploads/2021/07/DIplome-agence-1024x819.png 1024w, https://www.madeforcomm.fr/wp-content/uploads/2021/07/DIplome-agence-1200x960.png 1200w, https://www.madeforcomm.fr/wp-content/uploads/2021/07/DIplome-agence-1536x1229.png 1536w" sizes="(max-width: 300px) 100vw, 300px" /></p>
<p><span style="background-color: rgba(255, 255, 255, 0); color: #000000; font-family: var(--body_typography-font-family); font-size: var(--body_typography-font-size); font-style: var(--body_typography-font-style,normal); font-weight: var(--body_typography-font-weight); letter-spacing: var(--body_typography-letter-spacing);">Mathieu Delattre, fondateur de l&rsquo;agence, </span><span style="color: #000000; font-family: var(--body_typography-font-family); font-size: var(--body_typography-font-size); font-style: var(--body_typography-font-style,normal); font-weight: var(--body_typography-font-weight); letter-spacing: var(--body_typography-letter-spacing); background-color: rgba(255, 255, 255, 0);">a longtemps mis ses pas dans les pas de l&rsquo;équipe de France de football. Après plus de vingt ans dans la presse spécialisée et quelques voyages au bout du monde, il met aujourd&rsquo;hui son expérience et son </span><span style="background-color: rgba(255, 255, 255, 0); color: #000000; font-family: var(--body_typography-font-family); font-size: var(--body_typography-font-size); font-style: var(--body_typography-font-style,normal); font-weight: var(--body_typography-font-weight); letter-spacing: var(--body_typography-letter-spacing);">expertise de la communication au service du plus grand nombre. </span><span style="background-color: rgba(255, 255, 255, 0); font-family: var(--body_typography-font-family); font-size: var(--body_typography-font-size); font-style: var(--body_typography-font-style,normal); font-weight: var(--body_typography-font-weight); letter-spacing: var(--body_typography-letter-spacing); color: #000000;">Son background cumule le reportage (6 Coupes du monde, 5 Championnats d&rsquo;Europe et 5 continents, puisqu&rsquo;à une époque où ils étaient des ambassadeurs, les Bleus ont joué un match amical sur un terrain de cricket à Melbourne), la coordination de plusieurs rédactions ainsi que la gestion de la communication de plusieurs entraîneurs professionnels et footballeurs de haut niveau (tous internationaux).</span></p>
<p style="color: #000000;">Certifié Brand Content Manager 2021 par le CFPJ Paris, il saura vous conseiller dans le développement de votre communication globale et multicanale avec la passion qui le caractérise, en attachant toujours autant d&rsquo;importance au mot juste (il est aussi l&rsquo;auteur de plusieurs publications), mais tellement plus encore !</p>
<blockquote>
<p style="text-align: left;"><i style="background-color: rgba(255, 255, 255, 0); color: var(--body_typography-color); font-family: var(--body_typography-font-family); font-size: var(--body_typography-font-size); font-weight: var(--body_typography-font-weight); letter-spacing: var(--body_typography-letter-spacing);"><span style="color: #34897c;"><b style="color: #2f7c76; font-size: 20px;" data-fusion-font="true">« Y&rsquo;a pas qu&rsquo;le foot dans la vie, mais y&rsquo;a une vie après le foot ! »</b></span></i></p>
</blockquote>
<p> </p>


<figure class="wp-block-image size-large"><img decoding="async" width="1024" height="768" src="https://www.madeforcomm.fr/wp-content/uploads/2025/07/IMG_0095-1024x768.jpg" alt="" class="wp-image-1733" srcset="https://www.madeforcomm.fr/wp-content/uploads/2025/07/IMG_0095-200x150.jpg 200w, https://www.madeforcomm.fr/wp-content/uploads/2025/07/IMG_0095-300x225.jpg 300w, https://www.madeforcomm.fr/wp-content/uploads/2025/07/IMG_0095-400x300.jpg 400w, https://www.madeforcomm.fr/wp-content/uploads/2025/07/IMG_0095-600x450.jpg 600w, https://www.madeforcomm.fr/wp-content/uploads/2025/07/IMG_0095-768x576.jpg 768w, https://www.madeforcomm.fr/wp-content/uploads/2025/07/IMG_0095-800x600.jpg 800w, https://www.madeforcomm.fr/wp-content/uploads/2025/07/IMG_0095-1024x768.jpg 1024w, https://www.madeforcomm.fr/wp-content/uploads/2025/07/IMG_0095-1200x900.jpg 1200w, https://www.madeforcomm.fr/wp-content/uploads/2025/07/IMG_0095-1536x1152.jpg 1536w, https://www.madeforcomm.fr/wp-content/uploads/2025/07/IMG_0095.jpg 1632w" sizes="(max-width: 1024px) 100vw, 1024px" /></figure>



<p></p>

<p>Mathieu Delattre, fondateur de l&rsquo;agence, a longtemps mis ses pas dans les pas de l&rsquo;équipe de France de football. Après plus de vingt ans dans la presse spécialisée et quelques voyages au bout du monde,  [&#8230;]</p>
